
4
What is the units digit of 481267930?
0
What is the hundreds digit of 71778322?
3
What is the hundred thousands digit of 54141303?
1
What is the ten millions digit of 669544417?
6
What is the millions digit of 33842254?
3
What is the hundred millions digit of 100172941?
1
What is the hundred thousands digit of 122895063?
8
What is the ten thousands digit of 81929896?
2
What is the tens digit of 12657830?
3
What is the hundred thousands digit of 1554650542?
6
What is the units digit of 159180678?
8
What is the ten millions digit of 179417000?
7
What is the units digit of 3747275631?
1
What is the hundred millions digit of 202740890?
2
What is the hundred thousands digit of 67227054?
2
What is the tens digit of 7033526?
2
What is the tens digit of 674591654?
5
What is the hundred thousands digit of 384129728?
1
What is the thousands digit of 2548999134?
9
What is the hundred thousands digit of 6976844224?
8
What is the millions digit of 569565225?
9
What is the hundreds digit of 483335062?
0
What is the ten millions digit of 15545450?
1
What is the millions digit of 343545121?
3
What is the hundred thousands digit of 134182483?
1
What is the ten millions digit of 2375096078?
7
What is the hundred thousands digit of 88203854?
2
What is the hundred thousands digit of 65838720?
8
What is the hundred millions digit of 295723433?
2
What is the units digit of 1407688567?
7
What is the ten thousands digit of 646143936?
4
What is the millions digit of 433955656?
3
What is the units digit of 30132595?
5
What is the tens digit of 459579238?
3
What is the ten thousands digit of 47957866?
5
What is the ten thousands digit of 83219119?
1
What is the millions digit of 2642387136?
2
What is the hundred millions digit of 1779662587?
7
What is the tens digit of 48747242?
4
What is the ten millions digit of 889853580?
8
What is the tens digit of 288418114?
1
What is the hundreds digit of 42939677?
6
What is the ten thousands digit of 157962124?
6
What is the ten millions digit of 2660014191?
6
What is the units digit of 151235244?
4
What is the ten thousands digit of 30287826?
8
What is the ten millions digit of 298497457?
9
What is the ten thousands digit of 25782124?
8
What is the ten thousands digit of 21343031?
4
What is the units digit of 2858070956?
6
What is the tens digit of 102597287?
8
What is the ten millions digit of 3842910185?
4
What is the hundred millions digit of 160540686?
1
What is the units digit of 67469623?
3
What is the hundred thousands digit of 81360976?
3
What is the ten thousands digit of 4412772069?
7
What is the units digit of 2222666299?
9
What is the tens digit of 511156?
5
What is the millions digit of 538311969?
8
What is the thousands digit of 189232421?
2
What is the hundred millions digit of 203874921?
2
What is the ten thousands digit of 3094876699?
7
What is the hundred thousands digit of 1402367773?
3
What is the ten millions digit of 30575738?
3
What is the units digit of 473613054?
4
What is the hundred thousands digit of 885683607?
6
What is the thousands digit of 4087843?
7
What is the tens digit of 540108792?
9
What is the units digit of 79498659?
9
What is the hundred millions digit of 1169280428?
1
What is the ten thousands digit of 305823119?
2
What is the millions digit of 100753460?
0
What is the millions digit of 231579474?
1
What is the ten thousands digit of 568951887?
5
What is the ten thousands digit of 126805660?
0
What is the ten thousands digit of 37805935?
0
What is the units digit of 27030504?
4
What is the thousands digit of 83240567?
0
What is the ten millions digit of 23140260?
2
What is the thousands digit of 221077427?
7
What is the units digit of 423328266?
6
What is the thousands digit of 474169316?
9
What is the thousands digit of 322461083?
1
What is the ten millions digit of 147096375?
4
What is the thousands digit of 134146964?
6
What is the millions digit of 24328766?
4
What is the hundreds digit of 1537363242?
2
What is the hundreds digit of 533094575?
5
What is the ten thousands digit of 118067167?
6
What is the ten thousands digit of 87774719?
7
What is the ten millions digit of 80213785?
8
What is the hundred thousands digit of 43256445?
2
What is the millions digit of 1040689453?
0
What is the ten thousands digit of 4388731?
8
What is the hundreds digit of 339074945?
9
What is the units digit of 35882815?
5
What is the thousands digit of 30448422?
8
What is the tens digit of 82986103?
0
What is the ten millions digit of 22104769?
2
What is the thousands digit of 603698325?
8
What is the units digit of 9685360?
0
What is the units digit of 78799439?
9
What is the ten millions digit of 141601273?
4
What is the thousands digit of 1841722390?
2
What is the thousands digit of 56455763?
5
What is the hundred millions digit of 2305917913?
3
What is the hundred thousands digit of 19248574?
2
What is the billions digit of 1184035387?
1
What is the units digit of 140926087?
7
What is the hundreds digit of 4078505655?
6
What is the hundred thousands digit of 49570640?
5
What is the thousands digit of 31711546?
1
What is the hundreds digit of 65884247?
2
What is the ten millions digit of 52678574?
5
What is the ten thousands digit of 61871266?
7
What is the thousands digit of 202628751?
8
What is the millions digit of 192009911?
2
What is the hundred thousands digit of 1011248813?
2
What is the ten millions digit of 119956275?
1
What is the units digit of 41003861?
1
What is the millions digit of 157733399?
7
What is the hundreds digit of 181072587?
5
What is the ten thousands digit of 18861987?
6
What is the hundreds digit of 4127982033?
0
What is the thousands digit of 80045397?
5
What is the hundred thousands digit of 280411884?
4
What is the hundred thousands digit of 159034999?
0
What is the tens digit of 740434468?
6
What is the hundreds digit of 2556707251?
2
What is the tens digit of 1995419490?
9
What is the hundred millions digit of 148225045?
1
What is the ten thousands digit of 31215769?
1
What is the ten thousands digit of 818183238?
8
What is the tens digit of 4635258376?
7
What is the millions digit of 20941913?
0
What is the hundreds digit of 55352851?
8
What is the ten thousands digit of 17995732?
9
What is the thousands digit of 447792137?
2
What is the hundred millions digit of 346412224?
3
What is the ten thousands digit of 207876989?
7
What is the millions digit of 18865085?
8
What is the units digit of 2108886793?
3
What is the thousands digit of 111550146?
0
What is the hundred thousands digit of 987373845?
3
What is the hundred thousands digit of 1004363444?
3
What is the millions digit of 257133225?
7
What is the ten millions digit of 1220362088?
2
What is the ten millions digit of 55592963?
5
What is the hundred millions digit of 1542062874?
5
What is the millions digit of 5013002?
5
What is the hundred thousands digit of 2773968678?
9
What is the hundreds digit of 137728550?
5
What is the thousands digit of 42814491?
4
What is the hundreds digit of 76486917?
9
What is the units digit of 37859183?
3
What is the ten millions digit of 714702726?
1
What is the ten thousands digit of 57866541?
6
What is the millions digit of 65954337?
5
What is the millions digit of 41193551?
1
What is the hundreds digit of 17097785?
7
What is the hundred thousands digit of 57259067?
2
What is the ten millions digit of 61367037?
6
What is the ten thousands digit of 60472866?
7
What is the hundred thousands digit of 74106051?
1
What is the tens digit of 468964365?
6
What is the units digit of 22619708?
8
What is the units digit of 184804392?
2
What is the ten thousands digit of 893691773?
9
What is the millions digit of 376882822?
6
What is the thousands digit of 3538857562?
7
What is the hundred thousands digit of 1276355701?
3
What is the millions digit of 1091599821?
1
What is the hundred thousands digit of 42618193?
6
What is the units digit of 140684125?
5
What is the tens digit of 47125201?
0
What is the ten millions digit of 132661820?
3
What is the units digit of 52163807?
7
What is the hundred millions digit of 7067613559?
0
What is the thousands digit of 3585495943?
5
What is the units digit of 47488229?
9
What is the tens digit of 288495517?
1
What is the tens digit of 34075048